 -22 = -4*h - 2*c, -h + 13 = 4*c - 3. Suppose 34 = h*j - 78. What is the remainder when 111 is divided by j?
27
Let z = -5 - -9. Suppose -2*v = 8, -z*c + 41 = v - 79. Let h(f) = -f**2 - 14*f - 16. What is the remainder when c is divided by h(-11)?
14
Let t = -44 - -74. Suppose -v + 2*w + 178 = 0, 0 = -4*v + 2*v + w + 356. Let z = v + -162. Calculate the remainder when t is divided by z.
14
Let j(p) be the second derivative of -13*p**3/6 + 49*p**2 - 41*p. What is the remainder when 117 is divided by j(6)?
17
Let r(x) = 18*x**2 - x. Suppose -115 = -3*h + 2*b - 9, 3 = 3*b. Calculate the remainder when h is divided by r(-1).
17
Let w be ((-1)/(-3))/((-1)/(-6)). Suppose -d + 0 = f - 16, -3*d = -w*f + 7. Let o(m) = 62*m + 1198. Calculate the remainder when o(-19) is divided by f.
9
Suppose -o = -4*t - 46 + 17, 2*t - 5 = -o. Calculate the remainder when 21 is divided by o.
8
Let c be (71 + 1)/((-6)/(-264)*6). Suppose 8*f + 8*f - c = 0. Calculate the remainder when f is divided by 24.
9
What is the remainder when 275 is divided by 3/12 - ((-291)/4 - -4)?
68
Let m = -14 + 108. Let o be (2 - 55/10)*32/(-28). Suppose 61 = o*p + s + 2*s, -2*p + 3*s = -35. Calculate the remainder when m is divided by p.
14
Let c(s) = -s**3 + 11*s**2 - 10*s - 22. What is the remainder when 73 is divided by c(9)?
23
Let s = -354 - -358. What is the remainder when 57 is divided by s?
1
Let b be (-7)/2*20/(-10). Suppose 65 = b*o - 40. Calculate the remainder when 849/15 + (-2)/(-5) is divided by o.
12
Suppose -4*c = 15 - 567. Suppose -2*l + 5*l - c = 0. Calculate the remainder when l is divided by 26.
20
Let z = -44 + 46. What is the remainder when 3 - (z - 0)*(-7 - 0) is divided by 4?
1
Suppose 370 = 4*p - 394. What is the remainder when p is divided by 15?
11
Suppose 22*g - 282 = 20*g. Let h = 148 - g. What is the remainder when h is divided by 5?
2
Let v(m) = -3*m - 1. Let c = 6 - -5. Let z = -7 + c. What is the remainder when z is divided by v(-1)?
0
Suppose 3*m = 15, 7*m - 257 = -4*g + 2*m. Calculate the remainder when g is divided by ((-280)/8)/(70/(-42)).
16
Suppose 12 + 12 = -2*o. Let z = -7 - o. Suppose -3*j - 64 = -4*g, 2*g + 61 = z*g + j. What is the remainder when 74 is divided by g?
17
Let f = -179 + 296. Calculate the remainder when f is divided by 2 + (3 - 2) - -27.
27
Suppose -5*o + 75 = -4*h, -2*o + 31 = -o - 4*h. Let x = 2 + 4. Suppose -x*k = 1 - 43. Calculate the remainder when o is divided by k.
4
Suppose -93*u = -62*u - 93. Calculate the remainder when 23 is divided by u.
2
Calculate the remainder when 773 is divided by 65 + (-11 - -34) + -10.
71
Let h = -205 - -98. Let w = 127 + h. What is the remainder when 115 is divided by w?
15
Let u(f) = 3*f**2 + 2*f - 5. Let t = 76 - 68. Suppose -t*n + 6*n + 36 = 0. Calculate the remainder when u(-4) is divided by n.
17
Suppose 3*h = -0*h - s + 31, -1 = -s. Suppose o + c = -2*c + 79, 0 = c. Calculate the remainder when o is divided by h.
9
Let h(u) = 15*u + 81. Let j(q) = -23*q - 121. Let a(g) = 8*h(g) + 5*j(g). What is the remainder when a(10) is divided by 32?
29
Let i(w) be the first derivative of 3*w**4/4 - 4*w**3/3 + 7*w**2/2 - 15*w + 10. What is the remainder when i(3) is divided by 12?
3
Let d(j) = -2*j**3 - 48*j**2 - j + 15. What is the remainder when d(-24) is divided by (4/10)/(2/40)?
7
Let t be (4 - -9)*1 - -5. Suppose t*l - 294 = -60. What is the remainder when 15 is divided by l?
2
Suppose -5*s - 2 = 5*m - 87, -3*s + 51 = 2*m. Suppose -15 = -o - 4*k, -o + s = 5*k - 0. Calculate the remainder when 124 is divided by o.
5
Suppose 12*l = l + 440. What is the remainder when l is divided by 15?
10
What is the remainder when (-67)/(-23) + 14/161 is divided by 2?
1
What is the remainder when 166 is divided by (-506)/(-9) + 76/(-342)?
54
Let w = 61 - 21. Suppose u - 321 = -2*g, 4*u + 465 = 4*g - 147. Calculate the remainder when g is divided by w.
38
Let k = -11 + 14. Suppose 0*h = k*h. Suppose w = -w + 5*j + 51, 4*w + 3*j - 89 = h. What is the remainder when 43 is divided by w?
20
Let l = -60 + 66. What is the remainder when 1680/98 - 1/7 is divided by l?
5
Suppose -3*o - q = -861, -4*o + 9*o - 4*q = 1452. Calculate the remainder when o is divided by 20.
8
Suppose l - 4*d = 29, 2*d = -0*d + 6. Suppose 0 = 2*s - 6*b + 2*b - 64, 4*s + 2*b = 78. Calculate the remainder when l is divided by (88/(-10))/(s/(-55)).
19
Let u(h) = -h**2 + 35*h - 200. What is the remainder when 204 is divided by u(27)?
12
Let c = -4 + 9. Suppose c*p - 3*p + 28 = 0. Let m = 5 - p. Calculate the remainder when m is divided by 12.
7
Suppose 0 = -3*c + 2*l + 1, 2*c = 4*l + l - 3. Calculate the remainder when (-1*c)/((-11)/330) is divided by 16.
14
Suppose 9*u + 21 = 10*u. Suppose -3*a + u = s - 2*a, 0 = -a + 2. What is the remainder when 49 is divided by s?
11
Suppose 0 = -0*o + o + 4*s - 2, 0 = -5*o - 2*s + 10. Calculate the remainder when 15/(-10) - o/(4/(-105)) is divided by 28.
23
Suppose -s = 4*x - 53, 0*s - 82 = -2*s - 2*x. What is the remainder when 144 is divided by s?
33
Suppose 15*i + 509 = 4*t + 10*i, 4*i = 4*t - 504. Calculate the remainder when t is divided by 31.
28
Suppose w = -4*z + 51 + 69, -30 = -z + w. What is the remainder when z is divided by 6?
0
Calculate the remainder when (1 - (-26)/10)/(3/20) is divided by 13.
11
Let t = -121 - -196. Let n = t + -54. Let r = 0 + n. Calculate the remainder when 81 is divided by r.
18
Suppose -12 = -4*z, -z + 6*z - 295 = -a. Suppose -6*l - l = -a. What is the remainder when 238 is divided by l?
38
Suppose 1080 = 4*l + 276. Let w(a) = -8*a**2 - 167*a - 89. What is the remainder when l is divided by w(-20)?
48
Let j(h) be the first derivative of -h**3/3 - h**2/2 + 4*h - 3. Let k be j(3). Let a(l) = -l + 5. Calculate the remainder when 24 is divided by a(k).
11
Let s(x) = x**2 + 3*x - 7. Let a be s(-5). Suppose a*b - 6*b = -507. Calculate the remainder when b is divided by 34.
33
Suppose -13*g + 78 = 26. Suppose j - 8 = -6*b + 4*b, 17 = 5*b + j. Suppose 3 = 2*y - b. Calculate the remainder when g is divided by y.
1
Let n(m) = -3*m + 2. Let i be n(-2). Suppose 3*h = i*h - 30. Calculate the remainder when 7 is divided by h.
1
Let r = 149 - 17. Suppose 119*o - 113*o = 270. What is the remainder when r is divided by o?
42
Suppose 0 = 3*a - 566 + 11. What is the remainder when a is divided by 17?
15
Suppose 4*a - 63 - 39 = -2*p, -5*p - 21 = -2*a. What is the remainder when 132 is divided by a?
17
Let s be 3 - ((-164)/(-1) + -2 + 4). Let n = -112 - s. What is the remainder when n is divided by 18?
15
Let a = 50 - 29. Suppose -15*t + 18*t - 18 = 0. Calculate the remainder when a is divided by (t/(-6))/(1/(-11)).
10
Let h be (2 - 6) + 0 + 26. Suppose 115 = -h*c + 27*c. What is the remainder when 45 is divided by c?
22
Suppose 6*v - 9*v = -66. Suppose 26*z = v*z + 52. What is the remainder when z is divided by 9?
4
Suppose -28 = -5*u - 2*u. Let o = 28 + -15. Calculate the remainder when o is divided by u.
1
Let v = 23 - 22. Let z = 9 - v. Let a(y) = y**3 - 3*y**2 - 3*y + 1. What is the remainder when z is divided by a(4)?
3
Suppose 12 = 4*c + 4*r, 3 - 12 = -3*c - r. Suppose s + 0*f - 11 = -c*f, 0 = -3*f + 9. Let z = s + 10. Calculate the remainder when 47 is divided by z.
11
Suppose 0 = -c + 4 - 2. Suppose -c*d + 3*d = 18. Calculate the remainder when 69 is divided by d.
15
Let f(z) = 2*z + 1. Let i be f(4). Calculate the remainder when 21 is divided by 12/i*(-18)/(-3).
5
Suppose 4*j - 3*f = 213, -4*j + 33*f - 34*f + 233 = 0. What is the remainder when 223 is divided by j?
52
Let h be (1 - (-78)/12)*2/3. Suppose j = -h*d + 7, -2*j + 3*d = -0*j - 66. Calculate the remainder when j is divided by 20.
7
Suppose 10*t + 2*i = 11*t - 29, 5*t + 5*i - 70 = 0. Suppose -3*x + 5*k + 3 = -10, 5*x - 71 = -4*k. What is the remainder when t is divided by x?
8
Suppose -l - 5 = 0, 0*l - 75 = -t + l. Suppose -5*h + t + 10 = 0. What is the remainder when 28 is divided by h?
12
Suppose -2*o + 946 = 2*h, 0 = o - 12*h + 14*h - 476. What is the remainder when o is divided by 59?
57
Suppose o + 6 = -3*w + w, 0 = 5*w - 2*o + 33. Let g(q) = -3*q + q**2 + q**2 + 3*q - 7 + q. Calculate the remainder when g(w) is divided by 20.
18
Let c = 286 + -168. What is the remainder when c is divided by 55?
8
Suppose 5*d - 38 = 2*k